. Let i be 0 + -8 - 15/(-20)*4. Let g be n(i). Suppose -6*r + 371 = -g. What is the units digit of r?
1
Suppose -3*b - 360*r + 3903 = -351*r, -2*b + 2522 = -4*r. What is the tens digit of b?
7
Let s = 226 + -391. Let w = s - -425. What is the hundreds digit of w?
2
Let h be 56/6 + (-22)/(-33). Suppose h*q - 7*q = 3489. Suppose -308 + q = 9*y. What is the tens digit of y?
9
Let c(o) = 4*o**2 + 28*o + 25. Let z be c(-6). What is the hundreds digit of 9*(82 + 5 - z)?
7
Let d be (-74973)/(-30) + 2/(-20). Let x = d - 1765. What is the tens digit of x?
3
Let s(t) = -151*t**2 - 10*t + 4. Let m be s(4). Let y = 3537 + m. What is the hundreds digit of y?
0
Suppose 38*y + 30810 = 43*y. What is the tens digit of y?
6
Let s = 2218 - -15726. What is the tens digit of s?
4
Suppose 5*l = o - 290, 5*o + 0*l - 1396 = -2*l. Suppose -o + 1870 = 5*j. Suppose 3*y - 424 = -4*u + 4*y, 0 = -3*u + 5*y + j. What is the hundreds digit of u?
1
Let k = 1835 - 1063. Let m = k + -337. What is the tens digit of m?
3
Let c(v) = v**2 - v - 26. Let q(r) = -5*r**2 + 5*r + 104. Let w(x) = -9*c(x) - 2*q(x). Let k be w(0). What is the units digit of ((-609)/(-13) - 0) + 4/k?
7
Let d = 280 - 276. Suppose -5*j = 4*x - 655 - 2021, -d*x - 2148 = -4*j. What is the tens digit of j?
3
Let u = -32918 + 80307. What is the thousands digit of u?
7
What is the tens digit of ((-98)/84)/(16/(-234912))?
2
Let l(k) = 13*k - 41. Let r be l(5). What is the tens digit of (3 - (-15)/(-10))*13184/r?
2
Let c be ((-16)/3)/(12/(-720)). Suppose u + 92*p - 335 = 91*p, -4*p - c = -u. What is the units digit of u?
2
Let d(x) = -x**2 - 6*x + 3. Let u be d(-6). Let n = -1796 + 1798. Suppose n*c + 2*s = -0*c + 352, s = u*c - 536. What is the tens digit of c?
7
Let w be (-1 - -4)/(2/2). Suppose -36 = w*o + j - 7, -3*j = 5*o + 43. What is the units digit of o/4*1*-4?
1
Let r(n) = -106*n - 243. What is the tens digit of r(-38)?
8
Let d = -1731 + 1735. Let r(k) = 522*k**2 - k + 1. Let w be r(1). Suppose -d*c = 2*c - w. What is the units digit of c?
7
What is the thousands digit of 3*(-3)/12 - 1440315/(-564)?
2
Suppose -29 = 20*m + 31. What is the tens digit of (m*1)/(42/(-6160))?
4
Let d be (2 + 12/(-5))/(1/(-3580)). Suppose 4*u - d = 3*x, -7*u + 6*u + 5*x = -358. What is the tens digit of u?
5
Let y(n) = -n**3 + 6*n**2 - 4*n - 1. Let l be y(5). Suppose -3*m + 4*i = -l*m - 57, 5*m + 2*i = -213. Let r = m - -49. What is the units digit of r?
8
Let c = -2306 + 1646. Let m = c - -2608. What is the units digit of m?
8
Let x = -251 - -126. Let m = 130 + x. Suppose -2*q - 612 = -m*q. What is the hundreds digit of q?
2
Suppose 4*k + k = 0, -3*z - 5*k - 39 = 0. Let y = z - -63. Let n = y - 25. What is the tens digit of n?
2
Suppose -25*f + 175065 = 185837 - 666747. What is the hundreds digit of f?
2
Let g(d) = 17*d**2 - 113*d + 1506. What is the tens digit of g(17)?
9
Let x = -130 + 75. Suppose -13*r + 1267 = -6*r. Let b = x + r. What is the hundreds digit of b?
1
Let o = -49 - -53. Let p(q) = -q + 5. Let y be p(9). What is the units digit of ((-11)/o - y)/((-1)/(-60))?
5
Suppose 51*a - 182239 = 1986190 - 311570. What is the tens digit of a?
0
Suppose -5*v = l - 154032, -7*v - 109*l + 215644 = -108*l. What is the ten thousands digit of v?
3
Let h = -114 - -117. Suppose -o + 4*o - h*r - 24 = 0, 0 = 3*r + 15. What is the units digit of o - (-3 - -1)*105?
3
Let u = -268 - -335. Suppose b - 81 - u = 0. What is the units digit of b?
8
Let l(w) = -21*w + 99. Let s be l(5). What is the tens digit of 18/(-6) - 714/s?
1
Suppose 0 = 19*k - 33 - 81. Suppose -k*w - n = -5*w - 651, -5*n = 3*w - 1957. What is the hundreds digit of w?
6
Let y = -217 - 103. What is the units digit of 8/(-2)*-1 - y?
4
Let k(o) = 2*o**2 + 19*o + 1. Let b be k(-10). Suppose -b*a + 46 = -1791. What is the units digit of a?
7
Let g(k) = -5*k**2 + 2*k + 6633. What is the tens digit of g(0)?
3
Let w be (36/(-126))/((-15)/7 - -2). Suppose w*x + 2*x + 2*f - 982 = 0, -5*x + 1195 = -4*f. Suppose -x - 33 = -p. What is the hundreds digit of p?
2
Let n(o) = -o**3 - 18*o**2 - 5*o - 16. Let m be n(-19). Let f = -409 + m. What is the units digit of f?
1
Let u = 3157 + -218. What is the tens digit of u?
3
Suppose -j - 395 = r - 1647, 5*r + 4*j - 6262 = 0. Suppose -r = -8*s + 2*s. Let l = -105 + s. What is the units digit of l?
4
Let q(m) = -122*m + 53. Let i(v) = -244*v + 105. Let z(h) = -4*i(h) + 9*q(h). What is the units digit of z(-3)?
3
Suppose -5*i - 2*g - 32890 = -7*i, 4*i - 65774 = 6*g. What is the hundreds digit of i?
4
Let a(g) = g**3 + 15*g**2 + 8*g - 14. Let m be a(-13). Suppose 0*j - 50 = -2*j. Suppose -j*x = -23*x - m. What is the hundreds digit of x?
1
Suppose 43233 = -15*q + 104453 + 42865. What is the hundreds digit of q?
9
Let v(d) = -35 + 29 - 4*d - 50. Suppose 13*h + 112 = -17 - 79. What is the units digit of v(h)?
8
Let w(u) = 1090*u - 430. What is the ten thousands digit of w(36)?
3
Let x = 2827 + -547. What is the tens digit of x?
8
Let h(w) = -w**2 + 32*w + 121. Let u be 9/(81/180)*(-16)/(-10). What is the units digit of h(u)?
1
Suppose -10*x + 132 - 102 = 0. Let r(p) = 28*p**3 + 3*p**2 + 3*p - 14. What is the hundreds digit of r(x)?
7
Let r(f) = 4*f - 44. Let u be r(21). Suppose -616 = 33*p - u*p. Suppose 9*b - 8*b - p = 0. What is the units digit of b?
8
Suppose -2*x + 6 - 22 = -5*s, 3*s - 16 = -2*x. Suppose -2*c = -3*a - 84, -s*a = -0*a - c + 112. What is the hundreds digit of 4/14 - (-106)/a*-34?
1
Let k = -6993 - -12255. What is the tens digit of k?
6
Suppose -23*c + 3942 = -14*c. Suppose -c = -2*v + 662. What is the hundreds digit of v?
5
Suppose 0*h + 3*h - 138 = 0. Suppose 161 - 52 = p + q, 0 = p + 5*q - 109. Let k = p + h. What is the units digit of k?
5
Suppose 5*l = 5, 0 = 2*q + 5*l - 7 - 2. Suppose -4*b - q*g = 3*g - 1862, -3*b - g + 1391 = 0. What is the tens digit of b?
6
Let t be 3*-1*(-28)/21 - 1. Suppose 3550 = 5*m - 5*j, -1415 = 8*m - 10*m - t*j. What is the tens digit of m?
0
Let f = 103 - 156. Let u(k) = -6*k + 243. Let d be u(30). Let v = f + d. What is the tens digit of v?
1
Let t(n) = n**2 + 11*n + 23. Let z be t(-9). Suppose 0 = 3*h + 3*w - 1146, -w = 4*w - z. What is the tens digit of h?
8
Let k = 10 + -4. Suppose -13*j = -16*j + k. Suppose j*s = 4*s - 48. What is the tens digit of s?
2
What is the tens digit of (4 - -3493) + 16/(-2) - 2?
8
Suppose 57*h + 15840 = 21068 + 76510. What is the hundreds digit of h?
4
Let b = 229 + -220. Suppose -b*i = -1555 + 340. What is the hundreds digit of i?
1
Suppose 16*t - 1509 = 2315. Let p = t + -129. Suppose -p = 2*q - 7*q. What is the units digit of q?
2
Suppose 5*d = 2*j - 23, d + 6 = -j - 0. Let u be (j + 3)/(2 - 3). What is the units digit of (3 + (-279)/u)*(-4)/(-6)?
5
Suppose 2*s + 114215 = 13*s - 6*s. What is the thousands digit of s?
2
What is the ten thousands digit of -21 - ((-14 - 41246) + -16)?
4
Let g = -10124 + 45102. What is the tens digit of g?
7
Suppose 3*g = 0, -6*r + 10*r - g - 3812 = 0. Let m = 1555 - r. What is the units digit of m?
2
Let k = -1651 + 3373. Suppose -961 = -2*j - 3*n, 4*n = -4*j + k + 202. What is the units digit of j?
2
Let l(y) = -y + 36. Let o be l(29). Suppose o*v - 9059 = -596. What is the hundreds digit of v?
2
Suppose -547 = -s - 3*a, 2*s - 3*a = -0*s + 1085. What is the tens digit of 4 + (0 - 3) + -2 + s?
4
Suppose 0 = -399*p - 149*p + 20474924. What is the units digit of p?
3
Suppose 6 - 10 = -2*r. Let t(f) = 2*f**3 - f**2 + 2. Let l be t(r). Let q = 37 + l. What is the tens digit of q?
5
Let v = 655 - 20. Let u = -316 + v. What is the hundreds digit of u?
3
Let r(n) = 27*n - 150. Let q be r(9). Suppose -77*x + q*x = 20256. What is the hundreds digit of x?
2
Let m(h) = 2*h + 40. Let j be m(-19). Let s = -6 - j. Let z = s + 28. What is the tens digit of z?
2
Suppose -k + 1734 = -2*f - 10007, 0 = 3*f - 15. What is the units digit of k?
1
Let b(a) = 21*a - 25. Let z be b(3). Suppose 4*r - 50 = z. What is the units digit of r?
2
Suppose 5*k + 0*h - 331 = -3*h, 5*k - h - 323 = 0. Let c = 13 + k. What is the tens digit of c?
7
Let n = 48851 - 32201. What is the thousands digit of n?
6
Let a(l) = 6*l**2 - 1. Let m be a(1). Let n(b) = 5 - 28*b + 50*b - 13 + 27. What is the hundreds digit of n(m)?
1
What is the units digit of -30 + 28 + 16/10 - 391